the prime factors of 4/(56/(-60) + 1).
2, 3, 5
What are the prime factors of (3 + -6)/(18/(-318))?
53
Let k be (-1)/(-3 + (-14)/(-5)). Suppose k*y - 68 - 12 = 0. What are the prime factors of y?
2
Let i be -1 - -3 - (-2 - -4). Suppose -d + 18 = -3*x, d - 18 = -5*x - i. What are the prime factors of d?
2, 3
Let m be (-663)/(-12) + 3/4. Suppose 2*l - m = -0*l. What are the prime factors of l?
2, 7
Let i = 40 + -24. Suppose -t + 5*t - i = 0. Suppose 3*d + 9 = 4*d + p, -4*d + 4*p = t. List the prime factors of d.
2
Let f(y) be the second derivative of y**4/12 - 2*y**3/3 + 3*y**2 + y. Let l = -3 + 7. List the prime factors of f(l).
2, 3
Let p(s) = s**3 - 6*s**2 + 4*s + 4. Let j be p(4). Let b = 4 - j. What are the prime factors of b?
2
Suppose -2*d + 14 = -n + 6, -2*n + d = 4. Let s = 3 + 2. Suppose -3*j - s*y = -52, n*y - 33 = -2*j - 3*y. List the prime factors of j.
3
Let f = 4 - -1. Let n(b) = -b**3 - 3*b**2 + 4*b + 13. Let l be n(-4). Suppose l = p - 3*z, f*p - 3*z - 113 = -4*z. List the prime factors of p.
2, 11
Suppose 3*d = -4 + 19. Suppose d*h + 5*q - 90 = 0, 0*q - q = -5*h + 78. List the prime factors of h.
2
Let f = -10 + 12. Suppose 4 = f*r + 2. List the prime factors of 2*r + -7 + 18.
13
Let y be ((-6)/12)/(2/16). Let k(j) = -6*j + 1. List the prime factors of k(y).
5
Let r = -14 - -16. Suppose -r*q + 71 = 17. What are the prime factors of q?
3
Suppose 3*h + 2*n - 37 = 0, -4*n = -2*h + 4 + 10. Suppose -5*c = 3*t + 2*t, -4*t + 12 = -2*c. List the prime factors of t + -5 - -1*h.
2
List the prime factors of 1 + (-16)/4 - -10.
7
Let r(g) = g**3 + 8*g**2 + 2*g - 6. What are the prime factors of r(-7)?
29
Let q(n) = -n**3 - n**2 + 2*n + 6. What are the prime factors of q(-4)?
2, 23
Suppose 0*i + 5*g - 60 = -5*i, i - 16 = -2*g. Suppose 3*x = 5*x - i. Suppose -4*f = 5*l, -x*f - 4*l + 8 = 4. What are the prime factors of f?
5
Let q be (-8)/(-28) + (-234)/(-14). What are the prime factors of ((-9)/(-3))/(-3) + q?
2
Suppose -7*g = -6*g - 77. What are the prime factors of g?
7, 11
Let j(m) = m**2 + 2*m - 5. Let w be j(-4). Suppose -a + w*a = -10. Let d = a + 13. List the prime factors of d.
2
Let w(g) = -g**2 - 14*g - 16. Let y be w(-12). Let a = 5 + y. What are the prime factors of a?
13
Let j be (26/2)/(0 + -1). Let o = -3 - j. What are the prime factors of o?
2, 5
Suppose -w - 3 = -2*o + 5, -o + 13 = -5*w. Suppose -3*i = o*f - 90, 5*i = -2*f + f + 10. List the prime factors of f.
5, 7
Let a(p) = 3*p**2 - 5*p - 4. List the prime factors of a(10).
2, 3, 41
Suppose 3*z - 8 - 20 = -2*f, f + 3*z - 14 = 0. Let q = 50 - f. What are the prime factors of ((-2)/(-4))/(1/q)?
2, 3
Suppose -2*c + 231 = 217. What are the prime factors of c?
7
Suppose 0 = -x + 37 + 79. What are the prime factors of x?
2, 29
Let s(n) = n**2 - 5*n + 3. Let j(p) be the second derivative of -p**5/10 - p**4/3 - 2*p**3/3 - p**2 - 2*p. Let f be j(-2). List the prime factors of s(f).
3
What are the prime factors of (-24)/(-108) - 1688/(-18)?
2, 47
Suppose 0*z + 45 = 5*z. Suppose 0*c + z = c. List the prime factors of c.
3
Suppose -2*z - 3*v = z - 12, z - 5*v + 8 = 0. What are the prime factors of 83/4 - z/(-8)?
3, 7
Let r(p) = 6*p - 4. Let m be r(8). Suppose -m + 154 = -2*h. What are the prime factors of h/(-5) - (1 - 0)?
2, 5
Suppose 7 = -y - 5*l, -y = -2*l - 2*l - 29. Suppose 0 = 3*v + 3*n + 12, -5*v + n = y + 25. What are the prime factors of (-2 + v)*(-15)/9?
3, 5
Let a be ((-2)/2)/(8/40). Let r be ((-3)/((-6)/20))/1. Let k = r + a. List the prime factors of k.
5
Suppose -3*n - 2*g = 19, -2*n - 26 = n - 5*g. Let b(u) = -2*u. What are the prime factors of b(n)?
2, 7
Suppose -2*b + 0*b + 72 = 0. Suppose -b = c - 3*c. List the prime factors of c.
2, 3
Let c(y) = -y - 2. Let b be c(0). List the prime factors of b - (0 - (5 - 0)).
3
Let b(t) = t**3 + 10*t**2 + 10*t + 9. Let w = 3 + -12. Let k be b(w). Suppose -2*d - 5*p + 43 = 0, -2*d + 0*p - 2*p + 28 = k. List the prime factors of d.
3
Suppose 9 = -10*x + 13*x. What are the prime factors of 2*x/6*23?
23
What are the prime factors of 3/(1*(-4)/(-36))?
3
Suppose -108 = -2*a - q, 0 = 4*a - 2*q + 3*q - 218. List the prime factors of a.
5, 11
Suppose 0 = -11*l + 8*l - 18. Let u(a) = -3*a + 1. What are the prime factors of u(l)?
19
Suppose -5*l - 10 = 10. What are the prime factors of 26/(-3)*6/l?
13
What are the prime factors of (1/(-2))/(3/(-174))?
29
Suppose -5*d = 2*p, 0*p = -d - 3*p + 13. Let i be ((-42)/12 - (-4 + 1))*0. What are the prime factors of 18 - (d + (5 - i))?
3, 5
Suppose 6*w - 3*w = -4*m, -3*w - m = -9. Suppose 0*r + w*q = -r - 9, -4*q - 30 = -2*r. What are the prime factors of r?
7
Let h(x) = -x**3 + 5*x**2 - 2*x + 5. Let b be h(5). Let i(n) = n**3 + 4*n**2 - 6*n - 3. List the prime factors of i(b).
2
Let x(u) = -3*u + 62. List the prime factors of x(0).
2, 31
What are the prime factors of 27/(-9)*58/6*-7?
7, 29
Suppose 4*w + 16 = -0*w. Let i = 0 - w. Suppose s - i = 5*s, 3*m - 5*s - 17 = 0. List the prime factors of m.
2
Suppose 5*d - x - 29 = 0, -3*x - x = 5*d - 34. Suppose 0 = 5*b - d*b + 12. What are the prime factors of b?
2, 3
Let c be (2 + -2)/(-4 - -3). Let o(q) = -q + 12. List the prime factors of o(c).
2, 3
Let r be 3/(-6)*(-1 - -3). Let c = r + 5. Suppose c*i = -0*i + 64. What are the prime factors of i?
2
Suppose -2*d + 6*y - 2*y + 72 = 0, 0 = 4*d - 2*y - 120. Let l = d + -4. List the prime factors of l.
2, 3
Suppose 2*d - 5*x - 6 = 0, -2*d + x + 2 = -4. Suppose 0 = -d*c - 0 + 12. Suppose -w = 2*y + 2*w - 9, -3*y + 14 = c*w. What are the prime factors of y?
2, 3
Suppose 15*m - 13*m = 22. List the prime factors of m.
11
Suppose 101 = -m + 272. What are the prime factors of m?
3, 19
Let a(k) = 5*k - 2. Let h(r) = -15*r + 6. Let d(n) = -11*a(n) - 4*h(n). What are the prime factors of d(3)?
13
Suppose 3*j + 40 = j. What are the prime factors of 3/(-4) - 435/j?
3, 7
Let i = 197 + -136. What are the prime factors of i?
61
Let c(n) = n**3 + 9*n**2 - 2*n - 10. Let u = 10 + -19. What are the prime factors of c(u)?
2
Let n(o) = o**2 - 5*o + 6. Let p = 9 + -4. What are the prime factors of n(p)?
2, 3
Suppose -5 = i + 4*x, 2*x = -7 + 3. Let v = 180 + -135. Suppose -o - 6*b + b = -7, i*o - v = -3*b. List the prime factors of o.
17
Let w(a) = 24*a**2. What are the prime factors of w(1)?
2, 3
Suppose 4*m - 3*o - 18 - 30 = 0, -4*o - 29 = -3*m. Let s be (12/(-1))/(6/m). What are the prime factors of s/(-2) - (-2)/(-2)?
2, 7
Suppose 5*r - 10 = -4*a, -2*r - 28 = -5*r + 2*a. Suppose -87 = r*l - 9*l. List the prime factors of l.
29
Suppose 2*u - 693 = -161. List the prime factors of u.
2, 7, 19
Let n = 74 + -51. List the prime factors of n.
23
Let y be 14/(-3) + 4/6. Let v be (1 - 17*-1) + 3 + -6. Let r = v + y. List the prime factors of r.
11
Let o(u) = u**2 + 14*u - 109. What are the prime factors of o(-20)?
11
Let t(i) = i**2 + i - 2. What are the prime factors of t(-8)?
2, 3
Suppose 5*z - 10*z = 40. Let p(k) = -k**3 - 7*k**2 + k - 17. What are the prime factors of p(z)?
3, 13
Let m be (-457)/(-9) - 8/(-36). Let n = 23 - m. Let f = n + 40. List the prime factors of f.
2, 3
Suppose -2*k + 0*k = -310. List the prime factors of 3*1*k/15.
31
Let b(w) be the second derivative of w**4/6 - w**3 - 2*w. Let k be b(4). What are the prime factors of 9/4 + 6/k?
3
Suppose -4*k = -5*f + 144, -156 = -2*f - 3*f + k. Suppose -4*o + f = -0*o. What are the prime factors of o?
2
Let m(l) = l**3 + 7*l**2 - 9*l + 6. List the prime factors of m(4).
2, 73
Let h = -4 + 0. Let c(i) = 3*i**3 - 8*i**2 + 7*i - 13. Let f(r) = r**3 - 4*r**2 + 3*r - 6. Let g(m) = 2*c(m) - 5*f(m). What are the prime factors of g(h)?
2
Let p = 43 + -10. Let k = p + -14. Let q = -6 + k. List the prime factors of q.
13
Suppose -4*x + 2*j = -137 - 5, 2*x + 5*j - 65 = 0. Let u = x + -12. List the prime factors of u.
23
Let u(s) = -68*s. List the prime factors of u(-1).
2, 17
Let w(o) = -8*o - 1. Let q be w(1). Let h = q - -2. What are the prime factors of (-14)/h - 1*-12?
2, 7
Suppose 0 = -5*n - 0*n - 10, -4*r + 4*n = -100. Suppose 3 - r = -i. Suppose -x = 4*x - i. List the prime factors of x.
2
Suppose 237 = 6*u - 39. What are the prime factors of u?
2, 23
What are the prime factors of -3 + 1041/(-2 - -5)?
2, 43
Suppose 3*i = 23 + 178. Suppose -3*o = -2*a + i, 4*o - 28 = -a -